{"id":2078,"date":"2022-08-25T20:23:46","date_gmt":"2022-08-25T20:23:46","guid":{"rendered":"https:\/\/amq-inc.com\/cercle-des-gouverneurs\/"},"modified":"2023-03-27T18:37:52","modified_gmt":"2023-03-27T18:37:52","slug":"governors-circle","status":"publish","type":"page","link":"https:\/\/amq-inc.com\/en\/governors-circle\/","title":{"rendered":"Governors&#8217; circle"},"content":{"rendered":"\n<p>The Governors&#8217; Circle of the Qu\u00e9bec Mining Association was created in December 2014. Its members are all former chairs of the Association&#8217;s Board of Directors. In addition to its honorary functions, the Circle could be consulted by the current Board of Directors regarding specific issues in the mining sector.<\/p>\n\n\n\n<h2 class=\"wp-block-heading\">Members of the Governors&#8217; Circle:<\/h2>\n\n\n\n<p>Jean Desrosiers &#8211; Chairman in 1993<\/p>\n\n\n\n<p>Ebe Scherkus &#8211; Chairman in 1994<\/p>\n\n\n\n<p>Raymond Soucy &#8211; Chairman in 1995<\/p>\n\n\n\n<p>Normand B\u00e9dard &#8211; Chairman in 1996&nbsp;<\/p>\n\n\n\n<p>Fran\u00e7ois Biron &#8211; Chairman in 1997&nbsp;<\/p>\n\n\n\n<p>Michel Garon &#8211; Chairman in 1998<\/p>\n\n\n\n<p>Gaston Morin &#8211; Chairman in 1999&nbsp;<\/p>\n\n\n\n<p>Donald Brisebois &#8211; Chairman in 2000&nbsp;<\/p>\n\n\n\n<p>Christian Pichette &#8211; Chairman in 2001<\/p>\n\n\n\n<p>Paul-Henri Girard &#8211; Chairman in 2002<\/p>\n\n\n\n<p>Mark Joncas &#8211; Chairman in 2003<\/p>\n\n\n\n<p>Fran\u00e7ois Fleury &#8211; Chairman in 2004<\/p>\n\n\n\n<p>Serge V\u00e9zina &#8211; Chairman in 2005<\/p>\n\n\n\n<p>Denis V. Lachance &#8211; Chairman in 2006<\/p>\n\n\n\n<p>Yves Harvey &#8211; Chairman in 2007<\/p>\n\n\n\n<p>Michel Leclerc &#8211; Chairman in 2009-2010<\/p>\n\n\n\n<p>Dominique Dionne &#8211; Chairwoman in 2011-2012<\/p>\n\n\n\n<p>Alain Cauchon &#8211; Chairman in 2013<\/p>\n\n\n\n<p>Christian Provencher &#8211; Chairman in 2014<\/p>\n\n\n\n<p>Jean-Fran\u00e7ois Verret \u2013 Chairman in 2014-2022<\/p>\n","protected":false},"excerpt":{"rendered":"<p>The Governors&#8217; Circle of the Qu\u00e9bec Mining Association was created in December 2014. Its members are all former chairs of [&hellip;]<\/p>\n","protected":false},"author":1,"featured_media":0,"parent":0,"menu_order":0,"comment_status":"closed","ping_status":"closed","template":"","meta":{"_acf_changed":false,"footnotes":""},"class_list":["post-2078","page","type-page","status-publish","hentry"],"acf":[],"yoast_head":"<!-- This site is optimized with the Yoast SEO plugin v27.4 - https:\/\/yoast.com\/product\/yoast-seo-wordpress\/ -->\n<title>Association mini\u00e8re du Quebec | Cercle des Gouverneurs<\/title>\n<meta name=\"description\" content=\"Le Cercle des Gouverneurs de l&#039;Association mini\u00e8re du Qu\u00e9bec regroupe d&#039;anciens pr\u00e9sidents du conseil d\u2019administration de l\u2019Association\" \/>\n<meta name=\"robots\" content=\"index, follow, max-snippet:-1, max-image-preview:large, max-video-preview:-1\" \/>\n<link rel=\"canonical\" href=\"https:\/\/amq-inc.com\/en\/governors-circle\/\" \/>\n<meta property=\"og:locale\" content=\"en_US\" \/>\n<meta property=\"og:type\" content=\"article\" \/>\n<meta property=\"og:title\" content=\"Association mini\u00e8re du Quebec | Cercle des Gouverneurs\" \/>\n<meta property=\"og:description\" content=\"Le Cercle des Gouverneurs de l&#039;Association mini\u00e8re du Qu\u00e9bec regroupe d&#039;anciens pr\u00e9sidents du conseil d\u2019administration de l\u2019Association\" \/>\n<meta property=\"og:url\" content=\"https:\/\/amq-inc.com\/en\/governors-circle\/\" \/>\n<meta property=\"og:site_name\" content=\"Association Mini\u00e8re du Qu\u00e9bec\" \/>\n<meta property=\"article:modified_time\" content=\"2023-03-27T18:37:52+00:00\" \/>\n<meta property=\"og:image\" content=\"https:\/\/amq-inc.com\/wp-content\/uploads\/2022\/09\/amq-og.jpg\" \/>\n\t<meta property=\"og:image:width\" content=\"2400\" \/>\n\t<meta property=\"og:image:height\" content=\"1260\" \/>\n\t<meta property=\"og:image:type\" content=\"image\/jpeg\" \/>\n<meta name=\"twitter:card\" content=\"summary_large_image\" \/>\n<meta name=\"twitter:label1\" content=\"Est. reading time\" \/>\n\t<meta name=\"twitter:data1\" content=\"1 minute\" \/>\n<!-- \/ Yoast SEO plugin. -->","yoast_head_json":{"title":"Association mini\u00e8re du Quebec | Cercle des Gouverneurs","description":"Le Cercle des Gouverneurs de l'Association mini\u00e8re du Qu\u00e9bec regroupe d'anciens pr\u00e9sidents du conseil d\u2019administration de l\u2019Association","robots":{"index":"index","follow":"follow","max-snippet":"max-snippet:-1","max-image-preview":"max-image-preview:large","max-video-preview":"max-video-preview:-1"},"canonical":"https:\/\/amq-inc.com\/en\/governors-circle\/","og_locale":"en_US","og_type":"article","og_title":"Association mini\u00e8re du Quebec | Cercle des Gouverneurs","og_description":"Le Cercle des Gouverneurs de l'Association mini\u00e8re du Qu\u00e9bec regroupe d'anciens pr\u00e9sidents du conseil d\u2019administration de l\u2019Association","og_url":"https:\/\/amq-inc.com\/en\/governors-circle\/","og_site_name":"Association Mini\u00e8re du Qu\u00e9bec","article_modified_time":"2023-03-27T18:37:52+00:00","og_image":[{"width":2400,"height":1260,"url":"https:\/\/amq-inc.com\/wp-content\/uploads\/2022\/09\/amq-og.jpg","type":"image\/jpeg"}],"twitter_card":"summary_large_image","twitter_misc":{"Est. reading time":"1 minute"},"schema":{"@context":"https:\/\/schema.org","@graph":[{"@type":"WebPage","@id":"https:\/\/amq-inc.com\/en\/governors-circle\/","url":"https:\/\/amq-inc.com\/en\/governors-circle\/","name":"Association mini\u00e8re du Quebec | Cercle des Gouverneurs","isPartOf":{"@id":"https:\/\/amq-inc.com\/en\/#website"},"datePublished":"2022-08-25T20:23:46+00:00","dateModified":"2023-03-27T18:37:52+00:00","description":"Le Cercle des Gouverneurs de l'Association mini\u00e8re du Qu\u00e9bec regroupe d'anciens pr\u00e9sidents du conseil d\u2019administration de l\u2019Association","breadcrumb":{"@id":"https:\/\/amq-inc.com\/en\/governors-circle\/#breadcrumb"},"inLanguage":"en-US","potentialAction":[{"@type":"ReadAction","target":["https:\/\/amq-inc.com\/en\/governors-circle\/"]}]},{"@type":"BreadcrumbList","@id":"https:\/\/amq-inc.com\/en\/governors-circle\/#breadcrumb","itemListElement":[{"@type":"ListItem","position":1,"name":"Accueil","item":"https:\/\/amq-inc.com\/en\/"},{"@type":"ListItem","position":2,"name":"Governors&rsquo; circle"}]},{"@type":"WebSite","@id":"https:\/\/amq-inc.com\/en\/#website","url":"https:\/\/amq-inc.com\/en\/","name":"Association Mini\u00e8re du Qu\u00e9bec","description":"","publisher":{"@id":"https:\/\/amq-inc.com\/en\/#organization"},"potentialAction":[{"@type":"SearchAction","target":{"@type":"EntryPoint","urlTemplate":"https:\/\/amq-inc.com\/en\/?s={search_term_string}"},"query-input":{"@type":"PropertyValueSpecification","valueRequired":true,"valueName":"search_term_string"}}],"inLanguage":"en-US"},{"@type":"Organization","@id":"https:\/\/amq-inc.com\/en\/#organization","name":"Association Mini\u00e8re du Qu\u00e9bec","url":"https:\/\/amq-inc.com\/en\/","logo":{"@type":"ImageObject","inLanguage":"en-US","@id":"https:\/\/amq-inc.com\/en\/#\/schema\/logo\/image\/","url":"https:\/\/amq-inc.com\/wp-content\/uploads\/2022\/05\/amq-logo.png","contentUrl":"https:\/\/amq-inc.com\/wp-content\/uploads\/2022\/05\/amq-logo.png","width":1200,"height":529,"caption":"Association Mini\u00e8re du Qu\u00e9bec"},"image":{"@id":"https:\/\/amq-inc.com\/en\/#\/schema\/logo\/image\/"}}]}},"_links":{"self":[{"href":"https:\/\/amq-inc.com\/en\/wp-json\/wp\/v2\/pages\/2078","targetHints":{"allow":["GET"]}}],"collection":[{"href":"https:\/\/amq-inc.com\/en\/wp-json\/wp\/v2\/pages"}],"about":[{"href":"https:\/\/amq-inc.com\/en\/wp-json\/wp\/v2\/types\/page"}],"author":[{"embeddable":true,"href":"https:\/\/amq-inc.com\/en\/wp-json\/wp\/v2\/users\/1"}],"replies":[{"embeddable":true,"href":"https:\/\/amq-inc.com\/en\/wp-json\/wp\/v2\/comments?post=2078"}],"version-history":[{"count":1,"href":"https:\/\/amq-inc.com\/en\/wp-json\/wp\/v2\/pages\/2078\/revisions"}],"predecessor-version":[{"id":2923,"href":"https:\/\/amq-inc.com\/en\/wp-json\/wp\/v2\/pages\/2078\/revisions\/2923"}],"wp:attachment":[{"href":"https:\/\/amq-inc.com\/en\/wp-json\/wp\/v2\/media?parent=2078"}],"curies":[{"name":"wp","href":"https:\/\/api.w.org\/{rel}","templated":true}]}}

<p>The Governors&#8217; Circle of the Québec Mining Association was created in December 2014. Its members are all former chairs of the Association&#8217;s Board of Directors. In addition to its honorary functions, the Circle could be consulted by the current Board of Directors regarding specific issues in the mining sector.</p>



<h2 class="wp-block-heading">Members of the Governors&#8217; Circle:</h2>



<p>Jean Desrosiers &#8211; Chairman in 1993</p>



<p>Ebe Scherkus &#8211; Chairman in 1994</p>



<p>Raymond Soucy &#8211; Chairman in 1995</p>



<p>Normand Bédard &#8211; Chairman in 1996&nbsp;</p>



<p>François Biron &#8211; Chairman in 1997&nbsp;</p>



<p>Michel Garon &#8211; Chairman in 1998</p>



<p>Gaston Morin &#8211; Chairman in 1999&nbsp;</p>



<p>Donald Brisebois &#8211; Chairman in 2000&nbsp;</p>



<p>Christian Pichette &#8211; Chairman in 2001</p>



<p>Paul-Henri Girard &#8211; Chairman in 2002</p>



<p>Mark Joncas &#8211; Chairman in 2003</p>



<p>François Fleury &#8211; Chairman in 2004</p>



<p>Serge Vézina &#8211; Chairman in 2005</p>



<p>Denis V. Lachance &#8211; Chairman in 2006</p>



<p>Yves Harvey &#8211; Chairman in 2007</p>



<p>Michel Leclerc &#8211; Chairman in 2009-2010</p>



<p>Dominique Dionne &#8211; Chairwoman in 2011-2012</p>



<p>Alain Cauchon &#8211; Chairman in 2013</p>



<p>Christian Provencher &#8211; Chairman in 2014</p>



<p>Jean-François Verret – Chairman in 2014-2022</p>

<p>The Governors&#8217; Circle of the Québec Mining Association was created in December 2014. Its members are all former chairs of [&hellip;]</p>

<!-- This site is optimized with the Yoast SEO plugin v27.4 - https://yoast.com/product/yoast-seo-wordpress/ -->
<title>Association minière du Quebec | Cercle des Gouverneurs</title>
<meta name="description" content="Le Cercle des Gouverneurs de l&#039;Association minière du Québec regroupe d&#039;anciens présidents du conseil d’administration de l’Association" />
<meta name="robots" content="index, follow, max-snippet:-1, max-image-preview:large, max-video-preview:-1" />
<link rel="canonical" href="https://amq-inc.com/en/governors-circle/" />
<meta property="og:locale" content="en_US" />
<meta property="og:type" content="article" />
<meta property="og:title" content="Association minière du Quebec | Cercle des Gouverneurs" />
<meta property="og:description" content="Le Cercle des Gouverneurs de l&#039;Association minière du Québec regroupe d&#039;anciens présidents du conseil d’administration de l’Association" />
<meta property="og:url" content="https://amq-inc.com/en/governors-circle/" />
<meta property="og:site_name" content="Association Minière du Québec" />
<meta property="article:modified_time" content="2023-03-27T18:37:52+00:00" />
<meta property="og:image" content="https://amq-inc.com/wp-content/uploads/2022/09/amq-og.jpg" />
	<meta property="og:image:width" content="2400" />
	<meta property="og:image:height" content="1260" />
	<meta property="og:image:type" content="image/jpeg" />
<meta name="twitter:card" content="summary_large_image" />
<meta name="twitter:label1" content="Est. reading time" />
	<meta name="twitter:data1" content="1 minute" />
<!-- / Yoast SEO plugin. -->

Association minière du Quebec | Cercle des Gouverneurs

Le Cercle des Gouverneurs de l'Association minière du Québec regroupe d'anciens présidents du conseil d’administration de l’Association

Association Minière du Québec
