{"id":410,"date":"2022-08-25T21:31:37","date_gmt":"2022-08-25T21:31:37","guid":{"rendered":"https:\/\/amq-inc.com\/publicites\/"},"modified":"2023-03-27T20:18:07","modified_gmt":"2023-03-27T20:18:07","slug":"advertising","status":"publish","type":"page","link":"https:\/\/amq-inc.com\/en\/advertising\/","title":{"rendered":"Advertising"},"content":{"rendered":"\n<p><em>Des r\u00e9flexions en profondeur<\/em>&nbsp;est une s\u00e9rie d\u2019entrevues men\u00e9es dans un endroit inusit\u00e9. Afin de recueillir des pens\u00e9es approfondies sur notre avenir, c\u2019est au complexe minier LaRonde, dans la mine la plus profonde du Qu\u00e9bec et des Am\u00e9riques \u2014 \u00e0 3,2&nbsp;km sous terre \u2014 que nous avons donn\u00e9 la parole \u00e0 diverses personnalit\u00e9s.<\/p>\n\n\n\n<p>Pour voir les vid\u00e9os de la campagne, <a href=\"https:\/\/reflexionsenprofondeur.com\/\" target=\"_blank\" rel=\"noreferrer noopener\">cliquez ici.<\/a><\/p>\n\n\n\n<figure class=\"wp-block-image size-large\"><img loading=\"lazy\" decoding=\"async\" width=\"1024\" height=\"307\" src=\"https:\/\/amq-inc.com\/wp-content\/uploads\/2023\/03\/image-reflexions-en-profondeur-2-1024x307.png\" alt=\"\" class=\"wp-image-2888\" srcset=\"https:\/\/amq-inc.com\/wp-content\/uploads\/2023\/03\/image-reflexions-en-profondeur-2-1024x307.png 1024w, https:\/\/amq-inc.com\/wp-content\/uploads\/2023\/03\/image-reflexions-en-profondeur-2-300x90.png 300w, https:\/\/amq-inc.com\/wp-content\/uploads\/2023\/03\/image-reflexions-en-profondeur-2-750x225.png 750w, https:\/\/amq-inc.com\/wp-content\/uploads\/2023\/03\/image-reflexions-en-profondeur-2.png 1500w\" sizes=\"auto, (max-width: 1024px) 100vw, 1024px\" \/><\/figure>\n","protected":false},"excerpt":{"rendered":"<p>Des r\u00e9flexions en profondeur&nbsp;est une s\u00e9rie d\u2019entrevues men\u00e9es dans un endroit inusit\u00e9. Afin de recueillir des pens\u00e9es approfondies sur notre [&hellip;]<\/p>\n","protected":false},"author":1,"featured_media":0,"parent":0,"menu_order":0,"comment_status":"closed","ping_status":"closed","template":"","meta":{"_acf_changed":false,"footnotes":""},"class_list":["post-410","page","type-page","status-publish","hentry"],"acf":[],"yoast_head":"<!-- This site is optimized with the Yoast SEO plugin v27.5 - https:\/\/yoast.com\/product\/yoast-seo-wordpress\/ -->\n<title>Advertising - Association Mini\u00e8re du Qu\u00e9bec<\/title>\n<meta name=\"robots\" content=\"index, follow, max-snippet:-1, max-image-preview:large, max-video-preview:-1\" \/>\n<link rel=\"canonical\" href=\"https:\/\/amq-inc.com\/en\/advertising\/\" \/>\n<meta property=\"og:locale\" content=\"en_US\" \/>\n<meta property=\"og:type\" content=\"article\" \/>\n<meta property=\"og:title\" content=\"Advertising - Association Mini\u00e8re du Qu\u00e9bec\" \/>\n<meta property=\"og:description\" content=\"Des r\u00e9flexions en profondeur&nbsp;est une s\u00e9rie d\u2019entrevues men\u00e9es dans un endroit inusit\u00e9. Afin de recueillir des pens\u00e9es approfondies sur notre [&hellip;]\" \/>\n<meta property=\"og:url\" content=\"https:\/\/amq-inc.com\/en\/advertising\/\" \/>\n<meta property=\"og:site_name\" content=\"Association Mini\u00e8re du Qu\u00e9bec\" \/>\n<meta property=\"article:modified_time\" content=\"2023-03-27T20:18:07+00:00\" \/>\n<meta property=\"og:image\" content=\"https:\/\/amq-inc.firmecreative.com\/wp-content\/uploads\/2023\/03\/image-reflexions-en-profondeur-2-1024x307.png\" \/>\n<meta name=\"twitter:card\" content=\"summary_large_image\" \/>\n<meta name=\"twitter:label1\" content=\"Est. reading time\" \/>\n\t<meta name=\"twitter:data1\" content=\"1 minute\" \/>\n<!-- \/ Yoast SEO plugin. -->","yoast_head_json":{"title":"Advertising - Association Mini\u00e8re du Qu\u00e9bec","robots":{"index":"index","follow":"follow","max-snippet":"max-snippet:-1","max-image-preview":"max-image-preview:large","max-video-preview":"max-video-preview:-1"},"canonical":"https:\/\/amq-inc.com\/en\/advertising\/","og_locale":"en_US","og_type":"article","og_title":"Advertising - Association Mini\u00e8re du Qu\u00e9bec","og_description":"Des r\u00e9flexions en profondeur&nbsp;est une s\u00e9rie d\u2019entrevues men\u00e9es dans un endroit inusit\u00e9. Afin de recueillir des pens\u00e9es approfondies sur notre [&hellip;]","og_url":"https:\/\/amq-inc.com\/en\/advertising\/","og_site_name":"Association Mini\u00e8re du Qu\u00e9bec","article_modified_time":"2023-03-27T20:18:07+00:00","og_image":[{"url":"https:\/\/amq-inc.firmecreative.com\/wp-content\/uploads\/2023\/03\/image-reflexions-en-profondeur-2-1024x307.png","type":"","width":"","height":""}],"twitter_card":"summary_large_image","twitter_misc":{"Est. reading time":"1 minute"},"schema":{"@context":"https:\/\/schema.org","@graph":[{"@type":"WebPage","@id":"https:\/\/amq-inc.com\/en\/advertising\/","url":"https:\/\/amq-inc.com\/en\/advertising\/","name":"Advertising - Association Mini\u00e8re du Qu\u00e9bec","isPartOf":{"@id":"https:\/\/amq-inc.com\/en\/#website"},"primaryImageOfPage":{"@id":"https:\/\/amq-inc.com\/en\/advertising\/#primaryimage"},"image":{"@id":"https:\/\/amq-inc.com\/en\/advertising\/#primaryimage"},"thumbnailUrl":"https:\/\/amq-inc.com\/wp-content\/uploads\/2023\/03\/image-reflexions-en-profondeur-2-1024x307.png","datePublished":"2022-08-25T21:31:37+00:00","dateModified":"2023-03-27T20:18:07+00:00","breadcrumb":{"@id":"https:\/\/amq-inc.com\/en\/advertising\/#breadcrumb"},"inLanguage":"en-US","potentialAction":[{"@type":"ReadAction","target":["https:\/\/amq-inc.com\/en\/advertising\/"]}]},{"@type":"ImageObject","inLanguage":"en-US","@id":"https:\/\/amq-inc.com\/en\/advertising\/#primaryimage","url":"https:\/\/amq-inc.com\/wp-content\/uploads\/2023\/03\/image-reflexions-en-profondeur-2-1024x307.png","contentUrl":"https:\/\/amq-inc.com\/wp-content\/uploads\/2023\/03\/image-reflexions-en-profondeur-2-1024x307.png"},{"@type":"BreadcrumbList","@id":"https:\/\/amq-inc.com\/en\/advertising\/#breadcrumb","itemListElement":[{"@type":"ListItem","position":1,"name":"Accueil","item":"https:\/\/amq-inc.com\/en\/"},{"@type":"ListItem","position":2,"name":"Advertising"}]},{"@type":"WebSite","@id":"https:\/\/amq-inc.com\/en\/#website","url":"https:\/\/amq-inc.com\/en\/","name":"Association Mini\u00e8re du Qu\u00e9bec","description":"","publisher":{"@id":"https:\/\/amq-inc.com\/en\/#organization"},"potentialAction":[{"@type":"SearchAction","target":{"@type":"EntryPoint","urlTemplate":"https:\/\/amq-inc.com\/en\/?s={search_term_string}"},"query-input":{"@type":"PropertyValueSpecification","valueRequired":true,"valueName":"search_term_string"}}],"inLanguage":"en-US"},{"@type":"Organization","@id":"https:\/\/amq-inc.com\/en\/#organization","name":"Association Mini\u00e8re du Qu\u00e9bec","url":"https:\/\/amq-inc.com\/en\/","logo":{"@type":"ImageObject","inLanguage":"en-US","@id":"https:\/\/amq-inc.com\/en\/#\/schema\/logo\/image\/","url":"https:\/\/amq-inc.com\/wp-content\/uploads\/2022\/05\/amq-logo.png","contentUrl":"https:\/\/amq-inc.com\/wp-content\/uploads\/2022\/05\/amq-logo.png","width":1200,"height":529,"caption":"Association Mini\u00e8re du Qu\u00e9bec"},"image":{"@id":"https:\/\/amq-inc.com\/en\/#\/schema\/logo\/image\/"}}]}},"_links":{"self":[{"href":"https:\/\/amq-inc.com\/en\/wp-json\/wp\/v2\/pages\/410","targetHints":{"allow":["GET"]}}],"collection":[{"href":"https:\/\/amq-inc.com\/en\/wp-json\/wp\/v2\/pages"}],"about":[{"href":"https:\/\/amq-inc.com\/en\/wp-json\/wp\/v2\/types\/page"}],"author":[{"embeddable":true,"href":"https:\/\/amq-inc.com\/en\/wp-json\/wp\/v2\/users\/1"}],"replies":[{"embeddable":true,"href":"https:\/\/amq-inc.com\/en\/wp-json\/wp\/v2\/comments?post=410"}],"version-history":[{"count":2,"href":"https:\/\/amq-inc.com\/en\/wp-json\/wp\/v2\/pages\/410\/revisions"}],"predecessor-version":[{"id":2969,"href":"https:\/\/amq-inc.com\/en\/wp-json\/wp\/v2\/pages\/410\/revisions\/2969"}],"wp:attachment":[{"href":"https:\/\/amq-inc.com\/en\/wp-json\/wp\/v2\/media?parent=410"}],"curies":[{"name":"wp","href":"https:\/\/api.w.org\/{rel}","templated":true}]}}

<p><em>Des réflexions en profondeur</em>&nbsp;est une série d’entrevues menées dans un endroit inusité. Afin de recueillir des pensées approfondies sur notre avenir, c’est au complexe minier LaRonde, dans la mine la plus profonde du Québec et des Amériques — à 3,2&nbsp;km sous terre — que nous avons donné la parole à diverses personnalités.</p>



<p>Pour voir les vidéos de la campagne, <a href="https://reflexionsenprofondeur.com/" target="_blank" rel="noreferrer noopener">cliquez ici.</a></p>



<figure class="wp-block-image size-large"><img loading="lazy" decoding="async" width="1024" height="307" src="https://amq-inc.com/wp-content/uploads/2023/03/image-reflexions-en-profondeur-2-1024x307.png" alt="" class="wp-image-2888" srcset="https://amq-inc.com/wp-content/uploads/2023/03/image-reflexions-en-profondeur-2-1024x307.png 1024w, https://amq-inc.com/wp-content/uploads/2023/03/image-reflexions-en-profondeur-2-300x90.png 300w, https://amq-inc.com/wp-content/uploads/2023/03/image-reflexions-en-profondeur-2-750x225.png 750w, https://amq-inc.com/wp-content/uploads/2023/03/image-reflexions-en-profondeur-2.png 1500w" sizes="auto, (max-width: 1024px) 100vw, 1024px" /></figure>

<p>Des réflexions en profondeur&nbsp;est une série d’entrevues menées dans un endroit inusité. Afin de recueillir des pensées approfondies sur notre [&hellip;]</p>

<!-- This site is optimized with the Yoast SEO plugin v27.5 - https://yoast.com/product/yoast-seo-wordpress/ -->
<title>Advertising - Association Minière du Québec</title>
<meta name="robots" content="index, follow, max-snippet:-1, max-image-preview:large, max-video-preview:-1" />
<link rel="canonical" href="https://amq-inc.com/en/advertising/" />
<meta property="og:locale" content="en_US" />
<meta property="og:type" content="article" />
<meta property="og:title" content="Advertising - Association Minière du Québec" />
<meta property="og:description" content="Des réflexions en profondeur&nbsp;est une série d’entrevues menées dans un endroit inusité. Afin de recueillir des pensées approfondies sur notre [&hellip;]" />
<meta property="og:url" content="https://amq-inc.com/en/advertising/" />
<meta property="og:site_name" content="Association Minière du Québec" />
<meta property="article:modified_time" content="2023-03-27T20:18:07+00:00" />
<meta property="og:image" content="https://amq-inc.firmecreative.com/wp-content/uploads/2023/03/image-reflexions-en-profondeur-2-1024x307.png" />
<meta name="twitter:card" content="summary_large_image" />
<meta name="twitter:label1" content="Est. reading time" />
	<meta name="twitter:data1" content="1 minute" />
<!-- / Yoast SEO plugin. -->

Advertising - Association Minière du Québec

Des réflexions en profondeur&nbsp;est une série d’entrevues menées dans un endroit inusité. Afin de recueillir des pensées approfondies sur notre [&hellip;]

Association Minière du Québec
