{"id":2725,"date":"2023-03-05T12:29:00","date_gmt":"2023-03-05T12:29:00","guid":{"rendered":"https:\/\/amq-inc.com\/?post_type=project&#038;p=2725"},"modified":"2023-03-14T12:30:46","modified_gmt":"2023-03-14T12:30:46","slug":"evaluation-de-conduits-rigides-de-ventilation-en-polymere","status":"publish","type":"project","link":"https:\/\/amq-inc.com\/en\/r-d-innovations\/evaluation-de-conduits-rigides-de-ventilation-en-polymere\/","title":{"rendered":"\u00c9valuation de conduits rigides de ventilation en polym\u00e8re"},"content":{"rendered":"\n<p><em>Ce projet a \u00e9t\u00e9 r\u00e9alis\u00e9 dans le cadre du fonds de soutien au d\u00e9veloppement des cr\u00e9neaux d&#8217;excellence ACCORD techno-mines souterraines.<\/em><\/p>\n\n\n\n<p><\/p>\n\n\n\n<p><strong>PROBL\u00c9MATIQUE<\/strong><br>En 2008, l\u2019entreprise MECANICAD de Rouyn-Noranda a d\u00e9velopp\u00e9 un nouveau type de conduit de ventilation en polym\u00e8re. Ce nouveau mat\u00e9riau offre une faible r\u00e9sistance \u00e0 l\u2019\u00e9coulement de l\u2019air tout en \u00e9tant flexible, l\u00e9ger et facile \u00e0 manipuler.<br>Toutefois, avant d\u2019entamer le processus de mise en march\u00e9 du produit de MECANICAD, il est n\u00e9cessaire de conna\u00eetre les diff\u00e9rents coefficients op\u00e9rationnels du produit pour d\u00e9montrer les avantages par rapport aux autres types de conduits de ventilation disponibles.<\/p>\n\n\n\n<p><\/p>\n\n\n\n<p><strong>OBJECTIFS<br><\/strong>Le premier objectif est de d\u00e9terminer la valeur du coefficient de friction K pour ce nouveau type de conduit d\u2019air. Ce facteur permettra d\u2019\u00e9valuer les besoins \u00e9nerg\u00e9tiques et de d\u00e9montrer le potentiel d\u2019\u00e9conomie d\u2019\u00e9nergie attribuable \u00e0 l\u2019utilisation \u00e0 ce conduit d\u2019a\u00e9ration.<br>Le second objectif consiste \u00e0 \u00e9tablir le niveau d\u2019inflammabilit\u00e9 en accord avec la norme UL94V pour les installations verticales du conduit. Les tests en accord avec la norme UL94 HB r\u00e9gissant les installations horizontales ont d\u00e9j\u00e0 \u00e9t\u00e9 r\u00e9alis\u00e9s \u00e0 la demande de MECANICAD et les r\u00e9sultats se trouvent dans le rapport du projet.<\/p>\n\n\n\n<p><\/p>\n\n\n\n<p><strong>DATES DE D\u00c9BUT ET DE FIN<\/strong><br>Du 4 janvier 2010 au 31 octobre 2010<\/p>\n\n\n\n<p><strong><br>CO\u00dbTS ENCOURUS<br><\/strong>45 995 $<\/p>\n\n\n\n<p><\/p>\n\n\n\n<p><strong>PARTENAIRES<\/strong><br>&#8211; Minist\u00e8re du D\u00e9veloppement \u00e9conomique, de l&#8217;Innovation et de l&#8217;Exportation (MDEIE)<br>&#8211; M\u00e9canicad<br>&#8211; Laboratoires des mines et des sciences min\u00e9rales (LMSM) de CANMET<br>&#8211; Mines Aurizon, mine Casa Berardi<br>&#8211; Xstrata nickel, mine Raglan<br>&#8211; Soci\u00e9t\u00e9 de recherche et d\u00e9veloppement minier (SOREDEM)<\/p>\n\n\n\n<p><\/p>\n\n\n\n<p><strong>\u00c9TAT D&#8217;AVANCEMENT<br><\/strong>Termin\u00e9.<\/p>\n\n\n\n<p><\/p>\n\n\n\n<p><strong>R\u00c9SULTATS<br><\/strong>Le projet a permis de d\u00e9terminer le facteur de friction du conduit de ventilation fabriqu\u00e9 et distribu\u00e9 par MECANICAD. Pour un syst\u00e8me de ventilation de plus de 1 500 m de long, les r\u00e9sultats ont d\u00e9montr\u00e9 qu\u2019il supprime la recirculation et qu\u2019il permet de limiter les pertes d\u2019air \u00e0 11 %, comparativement \u00e0 pr\u00e8s de 50 % pour une installation traditionnelle. Les analyses ont aussi montr\u00e9 qu\u2019il est possible de r\u00e9duire le nombre de ventilateurs de moiti\u00e9 tout en obtenant les m\u00eames performances. Les r\u00e9sultats de l\u2019\u00e9tude confirment donc que l\u2019utilisation de tels conduits permet de r\u00e9duire la consommation d\u2019\u00e9nergie.<br>Quant aux tests d\u2019inflammabilit\u00e9, ceux-ci ont confirm\u00e9 que les conduits de MECANICAD r\u00e9pondent aux normes pour les installations horizontales, mais ne r\u00e9pondent pas aux crit\u00e8res exig\u00e9s des installations verticales.<br>Enfin, les r\u00e9sultats de l\u2019\u00e9tude permettront aux ing\u00e9nieurs et techniciens responsables de la ventilation mini\u00e8re d\u2019\u00e9valuer ad\u00e9quatement les besoins en mat\u00e9riel de ventilation dans les endroits de travail et d\u2019assurer ainsi un milieu de travail sain et s\u00e9curitaire pour les travailleurs.<\/p>\n","protected":false},"excerpt":{"rendered":"<p>Ce projet a \u00e9t\u00e9 r\u00e9alis\u00e9 dans le cadre du fonds de soutien au d\u00e9veloppement des cr\u00e9neaux d&#8217;excellence ACCORD techno-mines souterraines. [&hellip;]<\/p>\n","protected":false},"featured_media":0,"template":"","class_list":["post-2725","project","type-project","status-publish","hentry"],"acf":[],"yoast_head":"<!-- This site is optimized with the Yoast SEO plugin v27.5 - https:\/\/yoast.com\/product\/yoast-seo-wordpress\/ -->\n<title>\u00c9valuation de conduits rigides de ventilation en polym\u00e8re - Association Mini\u00e8re du Qu\u00e9bec<\/title>\n<meta name=\"robots\" content=\"index, follow, max-snippet:-1, max-image-preview:large, max-video-preview:-1\" \/>\n<link rel=\"canonical\" href=\"https:\/\/amq-inc.com\/en\/r-d-innovations\/evaluation-de-conduits-rigides-de-ventilation-en-polymere\/\" \/>\n<meta property=\"og:locale\" content=\"en_US\" \/>\n<meta property=\"og:type\" content=\"article\" \/>\n<meta property=\"og:title\" content=\"\u00c9valuation de conduits rigides de ventilation en polym\u00e8re - Association Mini\u00e8re du Qu\u00e9bec\" \/>\n<meta property=\"og:description\" content=\"Ce projet a \u00e9t\u00e9 r\u00e9alis\u00e9 dans le cadre du fonds de soutien au d\u00e9veloppement des cr\u00e9neaux d&#8217;excellence ACCORD techno-mines souterraines. [&hellip;]\" \/>\n<meta property=\"og:url\" content=\"https:\/\/amq-inc.com\/en\/r-d-innovations\/evaluation-de-conduits-rigides-de-ventilation-en-polymere\/\" \/>\n<meta property=\"og:site_name\" content=\"Association Mini\u00e8re du Qu\u00e9bec\" \/>\n<meta property=\"article:modified_time\" content=\"2023-03-14T12:30:46+00:00\" \/>\n<meta property=\"og:image\" content=\"https:\/\/amq-inc.com\/wp-content\/uploads\/2022\/09\/amq-og.jpg\" \/>\n\t<meta property=\"og:image:width\" content=\"2400\" \/>\n\t<meta property=\"og:image:height\" content=\"1260\" \/>\n\t<meta property=\"og:image:type\" content=\"image\/jpeg\" \/>\n<meta name=\"twitter:card\" content=\"summary_large_image\" \/>\n<meta name=\"twitter:label1\" content=\"Est. reading time\" \/>\n\t<meta name=\"twitter:data1\" content=\"3 minutes\" \/>\n<!-- \/ Yoast SEO plugin. -->","yoast_head_json":{"title":"\u00c9valuation de conduits rigides de ventilation en polym\u00e8re - Association Mini\u00e8re du Qu\u00e9bec","robots":{"index":"index","follow":"follow","max-snippet":"max-snippet:-1","max-image-preview":"max-image-preview:large","max-video-preview":"max-video-preview:-1"},"canonical":"https:\/\/amq-inc.com\/en\/r-d-innovations\/evaluation-de-conduits-rigides-de-ventilation-en-polymere\/","og_locale":"en_US","og_type":"article","og_title":"\u00c9valuation de conduits rigides de ventilation en polym\u00e8re - Association Mini\u00e8re du Qu\u00e9bec","og_description":"Ce projet a \u00e9t\u00e9 r\u00e9alis\u00e9 dans le cadre du fonds de soutien au d\u00e9veloppement des cr\u00e9neaux d&#8217;excellence ACCORD techno-mines souterraines. [&hellip;]","og_url":"https:\/\/amq-inc.com\/en\/r-d-innovations\/evaluation-de-conduits-rigides-de-ventilation-en-polymere\/","og_site_name":"Association Mini\u00e8re du Qu\u00e9bec","article_modified_time":"2023-03-14T12:30:46+00:00","og_image":[{"width":2400,"height":1260,"url":"https:\/\/amq-inc.com\/wp-content\/uploads\/2022\/09\/amq-og.jpg","type":"image\/jpeg"}],"twitter_card":"summary_large_image","twitter_misc":{"Est. reading time":"3 minutes"},"schema":{"@context":"https:\/\/schema.org","@graph":[{"@type":"WebPage","@id":"https:\/\/amq-inc.com\/en\/r-d-innovations\/evaluation-de-conduits-rigides-de-ventilation-en-polymere\/","url":"https:\/\/amq-inc.com\/en\/r-d-innovations\/evaluation-de-conduits-rigides-de-ventilation-en-polymere\/","name":"\u00c9valuation de conduits rigides de ventilation en polym\u00e8re - Association Mini\u00e8re du Qu\u00e9bec","isPartOf":{"@id":"https:\/\/amq-inc.com\/en\/#website"},"datePublished":"2023-03-05T12:29:00+00:00","dateModified":"2023-03-14T12:30:46+00:00","breadcrumb":{"@id":"https:\/\/amq-inc.com\/en\/r-d-innovations\/evaluation-de-conduits-rigides-de-ventilation-en-polymere\/#breadcrumb"},"inLanguage":"en-US","potentialAction":[{"@type":"ReadAction","target":["https:\/\/amq-inc.com\/en\/r-d-innovations\/evaluation-de-conduits-rigides-de-ventilation-en-polymere\/"]}]},{"@type":"BreadcrumbList","@id":"https:\/\/amq-inc.com\/en\/r-d-innovations\/evaluation-de-conduits-rigides-de-ventilation-en-polymere\/#breadcrumb","itemListElement":[{"@type":"ListItem","position":1,"name":"Accueil","item":"https:\/\/amq-inc.com\/en\/"},{"@type":"ListItem","position":2,"name":"Projects","item":"https:\/\/amq-inc.com\/en\/r-d-innovations\/"},{"@type":"ListItem","position":3,"name":"\u00c9valuation de conduits rigides de ventilation en polym\u00e8re"}]},{"@type":"WebSite","@id":"https:\/\/amq-inc.com\/en\/#website","url":"https:\/\/amq-inc.com\/en\/","name":"Association Mini\u00e8re du Qu\u00e9bec","description":"","publisher":{"@id":"https:\/\/amq-inc.com\/en\/#organization"},"potentialAction":[{"@type":"SearchAction","target":{"@type":"EntryPoint","urlTemplate":"https:\/\/amq-inc.com\/en\/?s={search_term_string}"},"query-input":{"@type":"PropertyValueSpecification","valueRequired":true,"valueName":"search_term_string"}}],"inLanguage":"en-US"},{"@type":"Organization","@id":"https:\/\/amq-inc.com\/en\/#organization","name":"Association Mini\u00e8re du Qu\u00e9bec","url":"https:\/\/amq-inc.com\/en\/","logo":{"@type":"ImageObject","inLanguage":"en-US","@id":"https:\/\/amq-inc.com\/en\/#\/schema\/logo\/image\/","url":"https:\/\/amq-inc.com\/wp-content\/uploads\/2022\/05\/amq-logo.png","contentUrl":"https:\/\/amq-inc.com\/wp-content\/uploads\/2022\/05\/amq-logo.png","width":1200,"height":529,"caption":"Association Mini\u00e8re du Qu\u00e9bec"},"image":{"@id":"https:\/\/amq-inc.com\/en\/#\/schema\/logo\/image\/"}}]}},"_links":{"self":[{"href":"https:\/\/amq-inc.com\/en\/wp-json\/wp\/v2\/project\/2725","targetHints":{"allow":["GET"]}}],"collection":[{"href":"https:\/\/amq-inc.com\/en\/wp-json\/wp\/v2\/project"}],"about":[{"href":"https:\/\/amq-inc.com\/en\/wp-json\/wp\/v2\/types\/project"}],"wp:attachment":[{"href":"https:\/\/amq-inc.com\/en\/wp-json\/wp\/v2\/media?parent=2725"}],"curies":[{"name":"wp","href":"https:\/\/api.w.org\/{rel}","templated":true}]}}

Évaluation de conduits rigides de ventilation en polymère

<p><em>Ce projet a été réalisé dans le cadre du fonds de soutien au développement des créneaux d&#8217;excellence ACCORD techno-mines souterraines.</em></p>



<p></p>



<p><strong>PROBLÉMATIQUE</strong><br>En 2008, l’entreprise MECANICAD de Rouyn-Noranda a développé un nouveau type de conduit de ventilation en polymère. Ce nouveau matériau offre une faible résistance à l’écoulement de l’air tout en étant flexible, léger et facile à manipuler.<br>Toutefois, avant d’entamer le processus de mise en marché du produit de MECANICAD, il est nécessaire de connaître les différents coefficients opérationnels du produit pour démontrer les avantages par rapport aux autres types de conduits de ventilation disponibles.</p>



<p></p>



<p><strong>OBJECTIFS<br></strong>Le premier objectif est de déterminer la valeur du coefficient de friction K pour ce nouveau type de conduit d’air. Ce facteur permettra d’évaluer les besoins énergétiques et de démontrer le potentiel d’économie d’énergie attribuable à l’utilisation à ce conduit d’aération.<br>Le second objectif consiste à établir le niveau d’inflammabilité en accord avec la norme UL94V pour les installations verticales du conduit. Les tests en accord avec la norme UL94 HB régissant les installations horizontales ont déjà été réalisés à la demande de MECANICAD et les résultats se trouvent dans le rapport du projet.</p>



<p></p>



<p><strong>DATES DE DÉBUT ET DE FIN</strong><br>Du 4 janvier 2010 au 31 octobre 2010</p>



<p><strong><br>COÛTS ENCOURUS<br></strong>45 995 $</p>



<p></p>



<p><strong>PARTENAIRES</strong><br>&#8211; Ministère du Développement économique, de l&#8217;Innovation et de l&#8217;Exportation (MDEIE)<br>&#8211; Mécanicad<br>&#8211; Laboratoires des mines et des sciences minérales (LMSM) de CANMET<br>&#8211; Mines Aurizon, mine Casa Berardi<br>&#8211; Xstrata nickel, mine Raglan<br>&#8211; Société de recherche et développement minier (SOREDEM)</p>



<p></p>



<p><strong>ÉTAT D&#8217;AVANCEMENT<br></strong>Terminé.</p>



<p></p>



<p><strong>RÉSULTATS<br></strong>Le projet a permis de déterminer le facteur de friction du conduit de ventilation fabriqué et distribué par MECANICAD. Pour un système de ventilation de plus de 1 500 m de long, les résultats ont démontré qu’il supprime la recirculation et qu’il permet de limiter les pertes d’air à 11 %, comparativement à près de 50 % pour une installation traditionnelle. Les analyses ont aussi montré qu’il est possible de réduire le nombre de ventilateurs de moitié tout en obtenant les mêmes performances. Les résultats de l’étude confirment donc que l’utilisation de tels conduits permet de réduire la consommation d’énergie.<br>Quant aux tests d’inflammabilité, ceux-ci ont confirmé que les conduits de MECANICAD répondent aux normes pour les installations horizontales, mais ne répondent pas aux critères exigés des installations verticales.<br>Enfin, les résultats de l’étude permettront aux ingénieurs et techniciens responsables de la ventilation minière d’évaluer adéquatement les besoins en matériel de ventilation dans les endroits de travail et d’assurer ainsi un milieu de travail sain et sécuritaire pour les travailleurs.</p>

<p>Ce projet a été réalisé dans le cadre du fonds de soutien au développement des créneaux d&#8217;excellence ACCORD techno-mines souterraines. [&hellip;]</p>

<!-- This site is optimized with the Yoast SEO plugin v27.5 - https://yoast.com/product/yoast-seo-wordpress/ -->
<title>Évaluation de conduits rigides de ventilation en polymère - Association Minière du Québec</title>
<meta name="robots" content="index, follow, max-snippet:-1, max-image-preview:large, max-video-preview:-1" />
<link rel="canonical" href="https://amq-inc.com/en/r-d-innovations/evaluation-de-conduits-rigides-de-ventilation-en-polymere/" />
<meta property="og:locale" content="en_US" />
<meta property="og:type" content="article" />
<meta property="og:title" content="Évaluation de conduits rigides de ventilation en polymère - Association Minière du Québec" />
<meta property="og:description" content="Ce projet a été réalisé dans le cadre du fonds de soutien au développement des créneaux d&#8217;excellence ACCORD techno-mines souterraines. [&hellip;]" />
<meta property="og:url" content="https://amq-inc.com/en/r-d-innovations/evaluation-de-conduits-rigides-de-ventilation-en-polymere/" />
<meta property="og:site_name" content="Association Minière du Québec" />
<meta property="article:modified_time" content="2023-03-14T12:30:46+00:00" />
<meta property="og:image" content="https://amq-inc.com/wp-content/uploads/2022/09/amq-og.jpg" />
	<meta property="og:image:width" content="2400" />
	<meta property="og:image:height" content="1260" />
	<meta property="og:image:type" content="image/jpeg" />
<meta name="twitter:card" content="summary_large_image" />
<meta name="twitter:label1" content="Est. reading time" />
	<meta name="twitter:data1" content="3 minutes" />
<!-- / Yoast SEO plugin. -->

Évaluation de conduits rigides de ventilation en polymère - Association Minière du Québec

Ce projet a été réalisé dans le cadre du fonds de soutien au développement des créneaux d&#8217;excellence ACCORD techno-mines souterraines. [&hellip;]

Association Minière du Québec
